m + 74. What is the greatest common divisor of p and 24?
12
Suppose 3*m = 5*d + 31, 0 = -3*m + d + d + 16. Let g(n) = 6*n**2 + m*n - 2 + 5 + 0*n. Let l be g(3). Calculate the greatest common divisor of 9 and l.
9
Let u(a) = -7*a + 9. Let m be u(-5). Calculate the highest common factor of m and 11.
11
Suppose 0 = -4*i + 5*k + 272, 3*k = -2*k. Suppose 5 = f + 2, f + 49 = 4*p. Let x = 30 - p. What is the greatest common divisor of i and x?
17
Let j = -2 - -4. Suppose 6*y - 128 = j*y. What is the highest common factor of y and 16?
16
Let i be ((-117)/2)/((-31)/124). What is the greatest common factor of 26 and i?
26
Let f be 372/20 - (-4)/10. Let i = 378 - 226. Calculate the highest common factor of i and f.
19
Suppose -4*k = 3*g - 276, -k + 5*g + 69 = 2*g. What is the highest common divisor of 23 and k?
23
Suppose 4*f - 73 + 347 = -2*r, 2*r - f + 294 = 0. Let x be r/(-4) - 2/8. Suppose 3*l = 48 + x. What is the highest common factor of 42 and l?
14
Let c be (-15)/(-3) - (1 + -3). Calculate the greatest common factor of c and 56.
7
Suppose 10*u - 122 = 88. What is the highest common divisor of u and 7?
7
Let k(m) be the first derivative of m**3/3 - m**2/2 + 14*m - 1. Let f be k(0). Calculate the greatest common factor of f and 126.
14
Let f = 2 + 10. Let n = 26 - 8. What is the highest common divisor of n and f?
6
Suppose -49 = 5*p + 21. Let j = 39 + p. Calculate the greatest common divisor of 125 and j.
25
Suppose -31 = -5*n + 2*y + 81, -92 = -4*n + y. What is the highest common divisor of 12 and n?
12
Suppose 0 = -4*l + 1 + 11. What is the greatest common divisor of l and 33?
3
Let o(n) = -4*n - 1. Let a be o(-6). Suppose g + 3*g - 5*j - 236 = 0, -4*g = 5*j - 196. Let l = g + a. Calculate the greatest common divisor of l and 7.
7
Let b(k) be the first derivative of -k**2/2 + 6*k - 3. Let j be b(3). Suppose -j*s + 440 = s. Calculate the greatest common divisor of s and 10.
10
Let n = 109 - 47. Calculate the highest common factor of n and 93.
31
Let u(f) = f**3 + 6*f**2 - 5*f - 9. Let z be u(-6). Let y(d) = 11*d**2 - 4*d - 3. Let m be y(-4). What is the highest common divisor of z and m?
21
Suppose -11*t + 10*t = -240. What is the greatest common divisor of 24 and t?
24
Let k(r) = r**3 - 8*r**2 + 11*r. Let c be k(7). Suppose -2*w - a + 40 + 13 = 0, -4*w + 97 = 5*a. What is the highest common factor of c and w?
28
Let l = 17 + -11. Let f be (-511)/(-21) + 1/(-3). Calculate the greatest common factor of f and l.
6
Suppose -d = -0*d. Suppose 0 = 5*j - d*j - 65. Calculate the greatest common divisor of j and 13.
13
Suppose 0 = 2*b - 6*b - 80. Let n = 32 + b. Calculate the highest common divisor of n and 18.
6
Let x = -24 - -34. Calculate the highest common factor of 30 and x.
10
Let t = -18 + 4. Let q be (-541)/(-7) + 4/t. What is the greatest common divisor of q and 11?
11
Let z(p) = 224*p**2 - 2*p + 3. Let r be z(1). Suppose -125 = -a - 4*a. What is the greatest common factor of r and a?
25
Suppose 4*a - 1 - 11 = 0. Let s(t) = -t**2 - 9*t - 5. Let p be s(-8). What is the greatest common factor of p and a?
3
Suppose -2*m + 34 = 4*d, 5*d - 3*m - 50 = -7*m. Suppose 4*k = -5*f - 65, 3*k + d = 2*f - 37. Let z = 29 + k. What is the greatest common divisor of z and 7?
7
Let t(l) = 19*l - 3. Let r(m) = 20*m - 3. Let i(g) = 3*r(g) - 2*t(g). Let v be i(4). Calculate the greatest common divisor of v and 34.
17
Let p(t) = -8*t - 16. Let w be p(-8). Suppose 3 = -4*r + 27. What is the greatest common divisor of r and w?
6
Suppose 0 = 2*u - 3*k + 2, 25 + 11 = 4*u + 4*k. Let d be (-1)/(-1*2/8). Suppose u = v - d. What is the highest common factor of v and 9?
9
Let w(c) = 9*c**2 + 7*c - 14. Let u be w(-5). What is the greatest common divisor of u and 11?
11
Suppose 406 = 5*q + 1351. Let z be (-8)/(-3)*q/(-28). Calculate the greatest common divisor of 27 and z.
9
Suppose t + 3 - 11 = 0. Let v = t - 4. Calculate the highest common divisor of 44 and v.
4
Let n be 29/1 - 7/7. What is the greatest common factor of 14 and n?
14
Let w be (-1 + -1)/((-2)/(-4)). Let d = w + 14. What is the highest common divisor of 5 and d?
5
Let b(d) = 2*d + 1. Let z(f) = 5*f + 1. Let v(t) = 7*b(t) - 3*z(t). Let l be v(2). What is the greatest common factor of l and 5?
1
Suppose 0 = -2*r + 2*u - 104, -4*r - u + 2*u - 196 = 0. Let o = 257 + r. Calculate the greatest common factor of 19 and o.
19
Suppose -2*f - l + 15 = 0, -2*f + 0*l = 5*l + 5. Let r = 12 + 28. Calculate the highest common factor of r and f.
10
Let v = 13 - -13. Let h = 4 - 0. Suppose 0 = -5*s + h*s + 13. Calculate the greatest common divisor of s and v.
13
Suppose -k - 91 = -2*k. Calculate the highest common factor of 13 and k.
13
Let m = 87 - 62. Let b = m - -11. Let k = 10 - -2. Calculate the highest common divisor of k and b.
12
Let k be 395/15 - -3 - 4/3. What is the highest common divisor of k and 21?
7
Let s(d) = 3*d**2 - d + 2. Let n be s(1). What is the highest common divisor of n and 44?
4
Let c be 30/(-4)*26/(-3). Let j = 283 - 257. Calculate the highest common factor of j and c.
13
Let j = 6 - -18. Suppose 8*t + 10*t = 288. Calculate the highest common divisor of j and t.
8
Suppose -2*b = 5*s - 95 - 48, 3*s - 82 = -5*b. What is the highest common divisor of 290 and s?
29
Let w(r) = 5*r - 12. Let c be w(12). Suppose 0 = -4*v + 34 - 10. What is the highest common divisor of v and c?
6
Suppose -2*i - 5*r + 154 = 0, 4*i = i - 4*r + 224. What is the greatest common divisor of i and 18?
18
Suppose -5*x = 4*s - 428, 2*x + 5*s = 2*s + 167. What is the greatest common divisor of x and 22?
22
Let c(k) be the first derivative of k**3/3 + k**2/2 + 13*k - 1. Let d be c(0). Let b = -212 + 316. What is the highest common factor of d and b?
13
Let z = 38 + -18. Let k = 0 - -5. Suppose 0 = t - 3*t - 6, 0 = -k*a + t + 153. Calculate the greatest common divisor of z and a.
10
Let t = -9 - -19. What is the greatest common divisor of t and 5?
5
Let o(l) = -l**2 - 4*l - 3. Let z be o(-2). Suppose -g + 2*g = 2. Suppose 7*s + 23 = -g*p + 2*s, -7 = -2*p + s. Calculate the greatest common factor of z and p.
1
Suppose -2*d + 11 = -19. Let v be -1*(-4)/(-12)*-15. Calculate the greatest common factor of d and v.
5
Let b = 3 - 0. Calculate the greatest common factor of b and 12.
3
Suppose -z + 2*z = -3*i - 83, 0 = -3*z + 3*i - 285. Let x = 527 + -355. Let d = z + x. What is the highest common divisor of d and 20?
20
Suppose 3*z = -5*x + 71, 4*z - x = 18 + 115. What is the greatest common factor of 8 and z?
8
Suppose 2 = c - 2*n, 2*c = 2*n - 3 + 1. Let y = c - -17. Suppose 4*w - 416 = -0*w. What is the greatest common divisor of y and w?
13
Let g be -2 - (36/30)/(3/(-10)). Calculate the highest common divisor of 5 and g.
1
Suppose -2 = w - 0*w. Let y be w/6 - (-427)/21. What is the greatest common divisor of y and 8?
4
Let k(p) = 2*p + 2 - 4 - 4. Let q be k(9). What is the highest common divisor of q and 12?
12
Let c(k) = -k**2 - 7*k - 8. Let t be c(-6). Let h be (42/10)/(t/(-10)). Let x = -1 + h. What is the greatest common divisor of x and 140?
20
Let y(c) = -c**3 - 8*c**2 - 6*c + 7. Let p be y(-7). Suppose -18 = -2*s + 4*q, -2*s + p*q = 3*q + 3. What is the highest common factor of 33 and s?
3
Let j(z) = -z**3 - 5*z**2 + z - 2. Let u be j(-6). Let m = 65 - 51. Calculate the greatest common divisor of m and u.
14
Let y be (-27)/(-18) + 33/2. Calculate the greatest common divisor of y and 54.
18
Let n(f) = 4*f. Let u be n(2). Suppose 3*m = u*m + 15. Let o be 4*-1*m/6. Calculate the greatest common divisor of o and 5.
1
Let o be (-158)/(-8) - 4/(-16). Suppose 0 = -q + o. What is the highest common factor of q and 10?
10
Let c be (-32)/(((-9)/3)/36). Suppose -2*y + c = m + 3*m, -4*m + y + 384 = 0. Calculate the highest common divisor of 12 and m.
12
Let n be (-222)/(-9) + (-1)/(-3). Suppose -11 - n = -2*r. Calculate the greatest common divisor of 9 and r.
9
Suppose 4*c = 6*c + 3*o + 7, 5*c - 45 = 5*o. Let u be 28/c + 0/1. Let h = -5 + u. What is the highest common factor of 1 and h?
1
Suppose -5*i + 5*v = 3*v - 212, 0 = -3*v - 3. What is the highest common factor of i and 7?
7
Suppose 4*t - 30 = 26. Suppose 4*q + 56 = 6*q. What is the greatest common divisor of q and t?
14
Let i(n) = 2*n**2 + n - 3. Let j be i(-6). Calculate the greatest co